)?
0
Calculate -10 + 4 - ((-9 - -2 - 0) + -16).
17
What is -26 + ((20 - 12) + -4 + -3 - -4)?
-21
What is 3 + 3 + -4 + (-1 - -6 - 3)?
4
-10 - (0 - 11 - -11) - -10
0
Calculate 8 + 0 - (-41 + 28 - (-2 - 12)).
7
Evaluate 5 - -8 - 17 - (-4 - 0 - 1).
1
Calculate -180 - -166 - (-17 + 4).
-1
What is -1 + 2 + 3 - (15 + (9 - 20))?
0
What is -31 + 20 + 17 + (1 - 4) + -30?
-27
-6 - (2 - 8) - ((2 - 3) + -2)
3
What is 1 + -4 + 6 + -7 - (31 + -22)?
-13
Calculate (22 - 5) + (-7 + 1 - -4) + -2.
13
What is 18 + (-22 - -2) - (-3 - -11)?
-10
Evaluate -1 - (-8 - -6) - -5 - -3 - -3.
12
Calculate -25 + 2 - (13 - (64 + -39)).
-11
What is the value of 3 + (-2 - (-3 - -5)) + -8 + 9?
0
Evaluate 0 + 0 + -20 + 5 + 3.
-12
-3 + -5 + -5 + 5 + 16
8
-14 - (-36 + 30 + 25)
-33
What is (698 - 700) + 0 + 41?
39
Calculate 0 + 8 + (80 - 73).
15
What is 19 + 11 + -39 + -4?
-13
20 + 17 + -14 + -5
18
27 - (-10 - -17 - -19)
1
Evaluate (235 - 208) + (-4 - 21).
2
What is -16 - ((-5 - -1) + -26 + 11 + 15)?
-12
What is -33 - (-26 + 25 + -14)?
-18
What is the value of 9 - ((-1 - 2) + 42 + -45)?
15
What is 4 - 5 - ((-7 - -9) + -4 + 2)?
-1
Calculate 9 - (8 + -7 - -13).
-5
6 + -16 + (7 - (14 - 10))
-7
What is (-6 - -39 - -12) + 1 + -7?
39
What is -41 + 33 + (-4 - (3 - 15))?
0
Evaluate 2 - -1 - 10 - (20 + -19).
-8
Evaluate -12 + 3 - (45 - 21 - 32).
-1
What is -25 - -11 - -33 - 6?
13
What is the value of -34 + 21 + (3 - 0)?
-10
Calculate 10 + -1 - (15 - -3).
-9
-6 + 0 - (160 + -175)
9
What is the value of -1 + 1 + (11 + -5 + 2 - 11)?
-3
Calculate -8 + (-11 + 13 - -24) + (1 - 5).
14
Evaluate -5 + 5 + (1 - -8) - (-2 + 0).
11
3 - (14 - (15 + -9))
-5
Evaluate (-1 - -11) + -21 + 32 + -12 + -1.
8
-89 + 47 + -9 + 23
-28
Calculate -49 - -40 - (-4 - (1 - 1)).
-5
Calculate 23 - (6 + -24 - -4) - 6.
31
(0 - 0) + (-45 - -43) + 11
9
1 - ((3 + 4 - 9) + 4 + 4)
-5
What is -8 + (2 - 0) - (-998 - -1024)?
-32
Calculate (17 + -8 - 14) + -15 + 2.
-18
-560 + 571 + 5 + 0
16
Evaluate -1 + 7 + 0 + -96 + 96 + -17.
-11
What is the value of -56 + 27 + 5 - -53?
29
9 + -17 + 10 + (-15 - (-3 + 2))
-12
What is -11 - (-2 + (8 - 10)) - -11?
4
Calculate 830 + -821 + 1 + 1.
11
What is 2 + -1 + -3 - (6 - 8 - 13)?
13
What is (-3 + 7 - -1) + (-46 - -51)?
10
1 - (6 + -18 + (20 - 11) + -1)
5
Calculate -6 + 1 + 8 + 2 + -6 + 9.
8
What is -9 + (3 - -1 - (69 - 56))?
-18
Evaluate -23 + 11 + 7 + -4 + -5.
-14
What is the value of (50 - 117) + 58 - (-2 - -25)?
-32
Calculate (23 - (-14 - (4 + -29))) + 12.
24
What is the value of (-45 + 16 - -9) + 16?
-4
-6 - 0 - (-15 + 11 - 1) - 13
-14
Evaluate 107 + -118 + 0 + 1.
-10
0 + 13 - (6 + -1) - -33 - 5
36
What is the value of (1 - 1 - 2) + (-27 - -28) - -8?
7
Calculate (178 - 169) + -2 + (0 - -7).
14
(-1 - 9) + 8 + 0 + -10
-12
Evaluate (2 - 16) + (-27 - -47).
6
-5 + (-6 - -4) + -2 + 3 + -8
-14
What is -12 + 10 + -12 - (-38 + -4)?
28
Calculate (-32 - -3) + 62 + -65.
-32
What is the value of (0 - -7) + -4 + (19 + -27 - 13)?
-18
(-15 - 0) + 114 + -110
-11
What is 13 + 2 + -14 + (-27 - -43)?
17
(1 - (9 - (1 + 2))) + -8
-13
What is -3 - -5 - (-3 + -4 + (3 - -1))?
5
What is -1 - (2 - 3 - -4)?
-4
Calculate -21 + -1 - (-19 - -27) - (0 + -4).
-26
-10 + (-15 - -11) + (6 - 2) + 2
-8
(-72 - -79) + 1 + -16
-8
13 + -20 - (-2 - 5) - -12
12
What is the value of -13 + (-5 - 11 - -26) - (-21 - -2)?
16
-11 - (-4 - (0 + -4 + 12))
1
Evaluate 34 + 17 - 27 - 0.
24
Evaluate 27 + -33 + (2 - 2).
-6
-15 + -1 - (0 + -14)
-2
5 + (-1 - -1) + -51 + (19 - -16)
-11
Calculate -7 - (-8 - -13 - 2).
-10
Calculate -15 - (1 + -11 + 1).
-6
What is the value of 1 + -16 + 48 + -68 + 17?
-18
-6035 - -6034 - (2 + (1 - 10))
6
Evaluate -25 - (-67 + 39 - (-16 - -3)).
-10
Calculate (-1 - -13 - 6) + -14 - -11.
3
What is 5 - (13 + 8 + (-1 - 1 - 3))?
-11
Calculate (-4357 - -4356) + (0 + 11 - (0 - -1)).
9
Evaluate 19 + -15 + (2 - (-4 + 6)).
4
Calculate (-1 - -6 - 1) + (-26 - (2 - 36)).
12
-2 - (10 + -10 + 14 + 11)
-27
What is the value of -28 + 28 - 25 - -31?
6
What is the value of 21 - (19 - -1) - 22?
-21
What is -1 + -6 + (-781 - -785)?
-3
-1 + -10 + (147 - 120) - 15
1
What is the value of 8 - (8 + -15 + 4)?
11
What is the value of 5 + -2 + 0 + (7 + 2 - 3)?
9
What is -8 + (-10 - -18) + (0 - 8)?
-8
(17 - -6) + (-27 - 4)
-8
-3 + -6 + 1 + -7 + 21
6
-17 - (28 - 41) - (9 - -1)
-14
Calculate 2 + (-2 + 4 - (12 - (6 + -6))).
-8
Evaluate -41 + 1 - ((13 - 16) + -3 + 2).
-36
What is the value of 6 + (9 - 5) - (-21 - -10)?
21
What is the value of (-156 - -175) + (-1 - 0)?
18
What is the value of 6 + (43 + -43 - (1 + 0))?
5
Calculate (4 - 2 - -12) + -11.
3
Calculate 3 + 4 + -8 + -4 - 1 - -7.
1
Calculate 0 - 8 - -25 - (-5 - -1).
21
What is the value of -9 + -2 + 2 - ((7 - 24) + 8)?
0
What is the value of -3 - (-29 - (13 - 23))?
16
Calculate 2 + (2 - 6) + (9 - 4) + -3.
0
Evaluate -11 - (-23 - -12) - (2 - (-8 - -4)).
-6
What is the value of 29 + 10 + -18 - 22?
-1
Calculate (19 - -1) + -531 + 516.
5
Evaluate -2 + ((9 - -3) + -15 - (6 - -2)).
-13
Evaluate (4 - 1) + (13 - 5 - 14).
-3
What is -57 - -63 - (1 + 4)?
1
(-5 - (-1 + -1)) + 11 + 4
12
Evaluate -3 + -15 + 6 - (5 - (-2 + 11)).
-8
Calculate -5 + (-14 + 7 - -5 - 9) - 4.
-20
Evaluate 9 + -3 - -11 - (0 + 9).
8
Calculate 2 - 12 - (-28 + 16).
2
Evaluate -2 + -1 + -20 + 35.
12
What is 7 - (5 - (3 - 3) - (18 + -6))?
14
Evaluate -1 + -7 + (-1 - 2 - (-17 + 0)).
6
What is the value of 1 - (16 - 14) - ((-5 - -8) + 0)?
-4
What is the value of -218 + 200 - (-12 - -2)?
-8
Calculate -6 + (-7 - -23 - 3).
7
What is 10 + 77 + -73 + (-3 - (-3 - -2))?
12
7 + ((7 - 6) + -5 - (0 - -14))
-11
Calculate (5 - -5 - -3 - 7) + 3.
9
Evaluate (9 - (16 + (-27 - -18))) + (0 - -14).
16
What is the value of (12 - 21) + -13 + 24?
2
What is 5 + (1 - (10 + 0 - (13 - 2)))?
7
What is 6 - 16 - (-6 + 3) - (-22 + -4)?
19
Calculate -17 + (0 - -4 - (0 - 4)) - 5.
-14
Evaluate (-4 - -1 - (-79 + 74)) + 3.
5
Calculate -26 - 2 - (668 - 697).
1
2 + (31 - (1 + 3)) + (92 - 102)
19
What is 235 + -244 + (27 - -2) + (3 - 3)?
20
Evaluate 1 - -12 - (72 + -73).
14
Calculate -5 + -20 + (28 - 12) - 20.
-29
What is the value of (6 + -3 - -7) + -3 + (0 - -2)?
9
What is the value of 8 + -38 + 19 + 20?
9
Calculate (-14 - (13 - 2)) + 30.
5
Evaluate -38 + 40 - (26 + -3).
-21
Calculate 13 - 9 - (-1 - 4).
9
(101 - 101) + 3 + (3 - -4)
10
Calculate -17 + (-7 - 10) + 47.
13
What is 2 + -3 + -13 + 9 + 1?
-4
What is 5 - (-34 + 37 + 0 + -7)?
9
Evaluate 0 - ((6 - (9 + -5)) + 4 - 6).
0
Evaluate 24 - (-32 + 13 + 25).
18
What is the value of -3 + 2 - 3 - (17 - 12)?
-9
Calculate -9 + 13 + (6 - (-9 + 3 + 8)).
8
Evaluate -2 + (-1 - (-5 + 0)) + (342 - 328).
16
Evaluate -6 - 0 - (1 - 1 - 0 - 3).
-3
What is the value of -12 + (-4 - (4 + -2 - 3 - 6))?
-9
What is the value of (-56 - -79) + -7 + 14 + 2?
32
-19 + 8 + -20 + 9 + 10
-12
Evaluate (6 - (13 - -9)) + 6 - 4.
-14
3 + -4 + 1 + -26
-26
What is the value of 4 - (-29 - (-4 - 5) - -6)?
18
Evaluate 5 - (1 + -3 + 7) - (-4 - -6).
-2
Calculate 17 + -9 + -7 - -6.
7
Calculate -14 + 6 + 14 + 8.
14
Evaluate -6 + (8 - (-15 + -3 - -15)).
5
0 - -1 - (1 + 8 + 9 + -17)
0
What is 3 + (23 - -9) + -16 - (0 - -4)?
15
What is (-6 - 3) + (5 + -3 - 0)?
-7
Evaluate -2 + -1 - ((8 - 1) + -1).
-9
What is the value of -13 + 22 - (1 - -31)?
-23
(-16 - 1) + (8 + -14 - -16)
-7
Evaluate (-15 - -15) + (8 - (-4 + 1 - -4)).
7
What is the value of -6 - (20 - 25 - (-2 + -17))?
-20
What is the value of 6 + (4 + -4 - (13 - -4))?
-11
Evaluate -5 - (-6 - 4) - -7.
12
What is -9 + (11 - 7) + 14?
9
Evaluate (1 - (-23 + 12)) + (-9 - (-16 + 7)).
12
What is -3 + 3 + -1 + -74 + 70 + -13?
-18
Calculate 7 + -2 - (1 + 0 - (-8 - 1)).
-5
-5 + 8 + 1 + -7
-3
What is 37 + -91 + 38 + -13?
-29
Calculate 26 - ((1 + 3 - -4) + 2).
16
-6 + 2 + -15 + 14 + -12
-17
What is 20 + -50 - (-1 + -25)?
-4
(-17 - (-1 + (0 - -1))) + (-996 - -990)
-23
13 - (-10 + 1 + (69 - 59))
12
(-9 - (7 + -32) - 26) + -1
-11
What is (6 + -7 - 10) + 11 - 0?
0
Calculate 6 - (-4 + (-7 - -21) - 1).
-3
Calculate -21 + -17 + 4 + 5.
-29
What is the value of -16 + (-12 - (-4 - (4 + 7)))?
-13
What is the value of (14 + -23 - -18) + -38 + -4?
-33
What is 62 + -56 - (5 + -3)?
4
What is 13 - (11 + -1 + -199 + 185)?
17
Evaluate (-20 + 16 - (-13 + 2)) + -8.
-1
What is the value of -2 + (-21 - -17) - (-13 + -2)?
9
Calculate -4 + 4 + 5 - (4 - (1